visor of 1503 and 18?
9
What is the highest common factor of 33 and 195?
3
Calculate the highest common factor of 1705 and 20.
5
Calculate the highest common divisor of 4 and 46.
2
Calculate the highest common divisor of 882 and 18.
18
What is the greatest common divisor of 100 and 9550?
50
What is the highest common factor of 80 and 260?
20
Calculate the greatest common divisor of 286 and 4966.
26
Calculate the greatest common divisor of 28 and 110152.
28
Calculate the highest common divisor of 1200 and 30.
30
What is the greatest common factor of 225 and 475?
25
Calculate the greatest common factor of 5031 and 473.
43
Calculate the highest common factor of 253 and 575.
23
Calculate the highest common divisor of 12 and 196.
4
What is the highest common divisor of 363 and 44?
11
Calculate the highest common factor of 72 and 1.
1
Calculate the greatest common factor of 3956 and 46.
46
What is the greatest common factor of 370 and 3071?
37
Calculate the greatest common divisor of 403 and 52.
13
What is the greatest common factor of 63 and 33327?
63
Calculate the greatest common factor of 182 and 84.
14
What is the greatest common divisor of 572 and 52?
52
Calculate the greatest common divisor of 5580 and 20.
20
Calculate the highest common factor of 5400 and 54.
54
What is the greatest common factor of 58 and 65134?
58
Calculate the greatest common factor of 184 and 2852.
92
Calculate the highest common factor of 235 and 141.
47
What is the greatest common factor of 18 and 1542?
6
Calculate the greatest common divisor of 75 and 795.
15
What is the highest common factor of 2340 and 1620?
180
Calculate the highest common divisor of 62 and 341.
31
Calculate the highest common divisor of 488 and 16.
8
Calculate the greatest common divisor of 611 and 1391.
13
Calculate the greatest common factor of 1276 and 132.
44
What is the highest common divisor of 4182 and 306?
102
Calculate the highest common divisor of 116 and 8410.
58
Calculate the highest common divisor of 2747 and 246.
41
Calculate the highest common factor of 240 and 4520.
40
Calculate the highest common factor of 3 and 444.
3
Calculate the highest common factor of 8192 and 32.
32
Calculate the highest common factor of 130 and 234.
26
What is the greatest common factor of 175 and 1600?
25
What is the greatest common factor of 32 and 1296?
16
What is the greatest common divisor of 1134 and 810?
162
What is the highest common divisor of 110 and 40?
10
Calculate the highest common factor of 247 and 533.
13
Calculate the highest common factor of 12 and 15.
3
Calculate the greatest common factor of 14 and 350.
14
What is the greatest common divisor of 154 and 21?
7
Calculate the highest common divisor of 56 and 6.
2
Calculate the highest common factor of 22 and 253.
11
What is the greatest common divisor of 83 and 2407?
83
Calculate the highest common factor of 252 and 12.
12
Calculate the highest common divisor of 4 and 212.
4
What is the highest common divisor of 418 and 1958?
22
Calculate the greatest common factor of 77 and 14.
7
What is the greatest common divisor of 23 and 1357?
23
Calculate the greatest common divisor of 4 and 4924.
4
Calculate the highest common factor of 207 and 69.
69
Calculate the highest common factor of 1236 and 84.
12
Calculate the greatest common divisor of 411 and 2192.
137
Calculate the greatest common factor of 1106 and 28.
14
Calculate the highest common divisor of 76 and 6080.
76
Calculate the greatest common factor of 8 and 232.
8
What is the highest common divisor of 3589 and 291?
97
What is the greatest common divisor of 546 and 78?
78
Calculate the greatest common divisor of 1668 and 24.
12
Calculate the highest common factor of 24 and 48.
24
Calculate the greatest common factor of 791 and 1469.
113
What is the greatest common divisor of 882 and 18?
18
What is the greatest common factor of 285 and 555?
15
Calculate the greatest common divisor of 5194 and 28.
14
What is the greatest common factor of 902 and 11?
11
What is the highest common factor of 567 and 108?
27
What is the highest common factor of 14807 and 17?
17
Calculate the greatest common factor of 1 and 239.
1
What is the greatest common divisor of 54 and 3699?
27
Calculate the greatest common divisor of 928 and 16.
16
What is the highest common divisor of 7 and 22?
1
Calculate the highest common divisor of 44 and 418.
22
Calculate the highest common divisor of 16 and 200.
8
What is the highest common divisor of 2727 and 1515?
303
Calculate the greatest common divisor of 665 and 77.
7
Calculate the highest common factor of 72 and 1476.
36
Calculate the greatest common factor of 2910 and 60.
30
What is the highest common divisor of 585 and 1053?
117
Calculate the highest common divisor of 3700 and 444.
148
What is the greatest common divisor of 14 and 70?
14
Calculate the highest common divisor of 48 and 102.
6
Calculate the greatest common factor of 74 and 5883.
37
What is the highest common divisor of 15 and 465?
15
What is the greatest common factor of 7015 and 460?
115
What is the greatest common divisor of 14994 and 490?
98
What is the greatest common divisor of 2 and 297?
1
What is the greatest common divisor of 868 and 806?
62
What is the highest common divisor of 264 and 4004?
44
What is the highest common divisor of 785 and 5?
5
Calculate the greatest common divisor of 32 and 72.
8
What is the greatest common factor of 8 and 8?
8
What is the highest common factor of 144 and 16?
16
Calculate the greatest common factor of 8890 and 7.
7
Calculate the highest common factor of 124 and 899.
31
Calculate the greatest common divisor of 481 and 676.
13
Calculate the greatest common factor of 943 and 184.
23
What is the greatest common divisor of 2007 and 6913?
223
Calculate the highest common divisor of 480 and 64.
32
What is the greatest common divisor of 175 and 485?
5
Calculate the greatest common divisor of 24 and 15.
3
What is the highest common divisor of 35 and 235?
5
Calculate the greatest common factor of 93 and 403.
31
Calculate the greatest common factor of 672 and 147.
21
What is the greatest common divisor of 8 and 22?
2
Calculate the highest common factor of 216 and 24.
24
Calculate the highest common divisor of 2 and 26.
2
Calculate the highest common factor of 291 and 2231.
97
What is the highest common factor of 560 and 1456?
112
What is the highest common factor of 312 and 4212?
156
Calculate the highest common factor of 108 and 30.
6
What is the highest common factor of 7 and 7?
7
What is the greatest common factor of 11147 and 71?
71
What is the highest common factor of 29184 and 12?
12
Calculate the highest common divisor of 192 and 36.
12
Calculate the greatest common factor of 15 and 103485.
15
Calculate the greatest common factor of 747 and 2158.
83
Calculate the greatest common factor of 6 and 6.
6
What is the greatest common divisor of 12 and 948?
12
Calculate the greatest common divisor of 546 and 4116.
42
What is the highest common divisor of 170 and 505?
5
What is the highest common factor of 126 and 4662?
126
What is the highest common factor of 632 and 8?
8
What is the highest common factor of 37 and 14393?
37
Calculate the greatest common divisor of 102 and 24.
6
What is the greatest common factor of 7044 and 12?
12
Calculate the highest common divisor of 2114 and 453.
151
Calculate the greatest common factor of 4 and 284.
4
What is the greatest common factor of 120 and 1545?
15
What is the greatest common divisor of 279 and 62?
31
What is the greatest common divisor of 288 and 180?
36
What is the highest common divisor of 58 and 1102?
58
What is the highest common factor of 123 and 164?
41
Calculate the greatest common factor of 33176 and 29.
29
Calculate the highest common divisor of 1533 and 7.
7
What is the greatest common factor of 5665 and 824?
103
What is the highest common factor of 63 and 4275?
9
Calculate the highest common divisor of 1691 and 89.
89
What is the greatest common factor of 257 and 32382?
257
Calculate the highest common divisor of 136 and 5644.
68
What is the greatest common factor of 19 and 1216?
19
What is the highest common divisor of 5 and 1535?
5
What is the greatest common factor of 33 and 297?
33
What is the greatest common fac